20*(-1 + 21/h).
3, 5
Suppose 3*o = 0, 0 = 3*f - 6*f - 5*o + 9. Let x(j) = 0*j**2 + 3 + j**2 - 2. What are the prime factors of x(f)?
2, 5
Suppose -5 = -5*f - 0. Suppose -2*b - 5 = -0*j - 3*j, -j - 2*b - 1 = 0. What are the prime factors of f/(j/7 - 0)?
7
Let l(o) = o**3 + 5*o**2 - 2*o - 5. Let t be l(-6). Let d = -7 - t. What are the prime factors of d?
2, 11
Let s = -35 - -75. What are the prime factors of s?
2, 5
Suppose 3*q + 51 = 4*v, 0 = v + 2*q - 16 + 6. Suppose -5*d + 36 = t, 3*d - 4 = 5*t + v. What are the prime factors of d?
7
Let h(v) be the first derivative of -v**4/4 + 2*v**3 + v**2 + 5*v + 2. List the prime factors of h(6).
17
Suppose -5*r + o = -15, 3*r + 2 = -5*o - 17. Suppose -3*l = 3*f - 96, 3*l = 4*f - r*l - 92. List the prime factors of f.
2, 7
Let w = -2 + 6. Let x(t) = -t**3 + 4*t**2 - t + 3. Let p be x(w). What are the prime factors of (-1)/(3/33*p)?
11
Suppose -8*i - 2*a = -4*i + 6, 4*a + 12 = 5*i. Suppose -4*g + g + 12 = i, -3*y = -g - 134. Suppose 5*n + 6 = y. What are the prime factors of n?
2
Let a(o) = -o**2 - 6*o - 8. Let t be a(-6). Let x be 2/(-2) - (-13 + 1). Let r = x + t. List the prime factors of r.
3
Suppose 5*s + 5*f = -20, -5*s - 32 = -2*f + f. Let o = 16 + s. Suppose o = -3*d + d, -v + 4*d + 29 = 0. List the prime factors of v.
3
Let h be (-1 + (-2)/(-5))*5. List the prime factors of (h + 5)/((-2)/(-37)).
37
Let l(t) = -8*t**3 - 4*t**3 - 2*t**2 - 6*t**3 - 2*t - 1. What are the prime factors of l(-1)?
17
Suppose 0 = 4*j - 2 - 2. Let f be -30*j/(5/(-2)). What are the prime factors of f - (1 - 0/2)?
11
Suppose 0 = -3*d + 5*d - 88. Suppose d = -9*i + 13*i. List the prime factors of i.
11
Let s(b) = -b - 12. Let w be s(-5). Let f(h) = h**2 + 2*h - 9. What are the prime factors of f(w)?
2, 13
Suppose 2*h = 4 + 106. What are the prime factors of h?
5, 11
Let b = 1 + 3. What are the prime factors of b?
2
List the prime factors of (92 - -1)*(-3)/(-9).
31
Let a be (-13)/(-3) - 3/9. Let k = 2 + a. List the prime factors of k.
2, 3
Suppose 42 = -3*c + c. Let g = -8 - c. List the prime factors of g.
13
Suppose 4*q = q + 4*c + 52, -3*c + 86 = 4*q. List the prime factors of q.
2, 5
Suppose 6 = 2*d, -d + 4 = -a + 2*a. What are the prime factors of -3*28/(-12)*a?
7
List the prime factors of 6/(-30) - (-81)/5.
2
Let v(u) = u**3 + 6*u**2 - 6*u - 6. Let x be v(-4). List the prime factors of (-60)/x*140/(-6).
2, 7
List the prime factors of 2 + -5 + 2 + 18.
17
Let o be 80 + -1 + 3 + -1. Let w = -21 + o. What are the prime factors of w/(-5)*(-1)/2?
2, 3
List the prime factors of 5/(-10) - (-298)/4.
2, 37
Let j be 8 + -1 - (3 + -2). Let x(m) = m**3 - 5*m**2 - 8*m. Let t be x(j). What are the prime factors of -2 - (2 + -1 + t)?
3
Suppose 5*x - 15 = -0. Suppose 7 = x*o + 1. What are the prime factors of o?
2
Let u(y) = -y**2 - 3*y + 9. Let v be u(-4). Suppose 60 = -3*b + v*b. What are the prime factors of b?
2, 3, 5
Suppose -3*c + 122 = -0*c + 2*o, -2*o = 4. Let b be (-2)/6 + 74/6. List the prime factors of (-1)/(-2) + c/b.
2
Let d(k) = -5*k**2 - 7*k + 4*k**3 - 3*k**3 + 8 + 0*k**3. Let l be d(6). Suppose l*h = -2*r + 16, 14 = 3*h - 3*r + r. List the prime factors of h.
2, 3
Let a(v) = v. Let t be a(-2). Let q = t - -19. List the prime factors of q.
17
Let h(o) = 15*o**2 + 8*o + 10. What are the prime factors of h(-4)?
2, 109
Suppose 0 = -5*s + n + 14 - 1, 3*s - 4*n - 18 = 0. Suppose 5*l = -s*g - 97, g = -g + 8. What are the prime factors of (-2)/(3 + l/6)?
2
Suppose -62 = -4*j + 5*h, -13 - 42 = -5*j - 5*h. What are the prime factors of j?
13
Let d = -2 - 12. What are the prime factors of (-11 - -13)/((-1)/d)?
2, 7
Suppose 13*v = 92 + 38. Let p = 0 - 2. List the prime factors of (2/(-2))/(p/v).
5
Let s(o) = 3*o - 7. Let r be s(7). Let m be 80/r - 8/(-28). Suppose 0 = -2*j - 2 + m. List the prime factors of j.
2
Let g be (3/3)/1 + -6. What are the prime factors of 6*(g/(-3) + -1)?
2
Let g be (-3)/6 + (-23)/(-2). Let u = 9 - g. Let n = 23 + u. What are the prime factors of n?
3, 7
Suppose 91 = 4*i + 5*g, -5*i - 5*g + 34 + 81 = 0. List the prime factors of i.
2, 3
Let t be (-66)/(-14) + 6/21. Let b(r) = r**3 - 4*r**2 - r + 2. Let j be b(t). Suppose -j = -0*p - 2*p. List the prime factors of p.
11
Let j(f) = f**2 - 3*f + 6. Let i be 104/18 - (-6)/27. Let g(t) = -t**3 + 7*t**2 - 4*t - 8. Let b be g(i). What are the prime factors of j(b)?
2, 5
Suppose -3*m - 15 = -6*m. What are the prime factors of m?
5
Let n(u) = u**3 + 9*u**2 - u - 7. Let h = -4 + -5. List the prime factors of n(h).
2
Suppose -12 = 4*h, -3*q + 18 = -6*q - 3*h. Let j = -1 - q. Suppose -m - j*g = -8, -4*m + 0*m = g - 39. List the prime factors of m.
2, 5
List the prime factors of 47 - (1 + 1/1).
3, 5
Let j = 28 + -13. Suppose p - j = -2*p. List the prime factors of p.
5
Let p(m) = 80*m**2 - 3*m. List the prime factors of p(-1).
83
Suppose -6*y + 5*u + 35 = -y, 3*u = -5*y + 3. Suppose -4*p = -y*p - 18. What are the prime factors of p?
2, 3
Suppose -q - 20 = 3*r - 69, 3*r - 86 = -2*q. Suppose -2*w = -75 - q. List the prime factors of w.
2, 7
Suppose 4*f - f = 0. Suppose -m + 2*l - 14 = f, 4*m = l - 21 - 28. List the prime factors of 1/4 + (-153)/m.
13
Suppose b + 3*m + 4 = 0, 3*b + 2*m - 12 = m. Suppose 6 = -b*y + 101. List the prime factors of y.
19
Let b = 5 - -21. Let d = b - 18. Suppose 0 = 4*t + 5*k + d, -k - 7 = -2*t + t. List the prime factors of t.
3
Let r(u) = -u + 17. Let n = 12 - 3. List the prime factors of r(n).
2
Suppose -3*i - 11 = -71. Suppose -2*z + l + 2*l = 24, 2*z + i = 5*l. List the prime factors of (-85)/z*3/1.
17
Let l = 22 - 4. Suppose -3*p = 3*n - n - 23, -2*p = -2*n + l. What are the prime factors of n?
2, 5
Let a = -1 + 1. Let r be a/(-1 + 1 - -2). Suppose r = -3*p + 27 - 3. What are the prime factors of p?
2
Let h be 15/(-12)*-4*1. Let c = 5 - h. Suppose c*w - 7 = -w. What are the prime factors of w?
7
Suppose 0*p - 20 = -4*p. Suppose 8*w - 21 = p*w. What are the prime factors of w?
7
Let q(r) be the third derivative of r**4/4 + r**3/6 - 2*r**2. Suppose 2*t - 6*t = 4, 5*p + 3*t - 12 = 0. What are the prime factors of q(p)?
19
Suppose 0*t = 3*t + 36. Let b = 25 + t. What are the prime factors of b?
13
Let w be 1 + 2 - 8/(-4). Suppose 3*o + 86 = w*o. List the prime factors of o.
43
Let z(b) = -b**3 - 3*b**2 + b - 2. List the prime factors of z(-4).
2, 5
Let j = -25 - -92. List the prime factors of j.
67
Let b = 35 - 23. What are the prime factors of b?
2, 3
What are the prime factors of 30/(-20) + 137/2?
67
Suppose 3*t - 6 = j, -t - 8 = 3*j - 0. Let u be (-286)/(-10) - j/(-5). Let p = -20 + u. What are the prime factors of p?
2
Suppose s + p = 3*p + 425, 5*s = -5*p + 2065. What are the prime factors of s?
3, 139
Suppose -25 = 2*g - 7*g. Suppose 6*r - 7 = g*r. List the prime factors of r.
7
What are the prime factors of (-4)/6 + 760/15?
2, 5
List the prime factors of 4/14 - 954/(-42).
23
Suppose 0*x = -2*x + 90. Let m = x - 26. List the prime factors of m.
19
Suppose -17 = -4*b + 27. Suppose -5*v = -25, 39 = 4*r - 4*v + b. List the prime factors of r.
2, 3
Let r be (1*-2)/(3/(-6)). Suppose 0*g + r = g. Suppose -60 + 24 = -g*j. What are the prime factors of j?
3
List the prime factors of (-2*(-90)/(-8))/(7/(-14)).
3, 5
Suppose -25 = -2*k + 69. List the prime factors of k.
47
Suppose 3*y - 15 = -0*y. Suppose 4*t = -2*h + 28, 5*t + 25 = -y*h + 85. List the prime factors of h.
2, 5
Let j = 181 + -105. Suppose 49 = 5*y - j. Suppose 3*k = -k - f + y, 0 = k - f. List the prime factors of k.
5
Let w(v) = 4*v**2 + 2*v + 1. Suppose 29 = -5*p - 21. Let j be 14/p + 2/5. What are the prime factors of w(j)?
3
Let s be ((-4)/(1 + 0))/(-1). Suppose 3*o - 43 = -s. List the prime factors of o.
13
Let l(v) = -11*v + 1. Let s be l(-2). Let q = -8 + s. List the prime factors of q.
3, 5
Suppose 17*v - 870 = 12*v. List the prime factors of v.
2, 3, 29
Let p = 181 + -156. What are the prime factors of p?
5
Let u(l) = l**3 + 7*l**2 - 7*l + 3. Let v be u(-8). Let s = v + 23. What are the prime factors of s?
2, 3
Let r(g) = 2*g**2 + 4*g - 9. Let a be r(-4). Suppose 4*h - 6*i + 2*i = 32, 3*i + 20 = 2*h. Let n = a - h. List the prime factors of n.
3
Let w(l) = -2*l - 11. Suppose i + c = -12, -i + 4*c - 8 = 2*i. What are the prime factors of w(i)?
5
Let t = -51 + 118. Supp